{"version":"1.0","provider_name":"F\u00e9szekalja: Nagy dolgokr\u00f3l kiCSIBEn","provider_url":"https:\/\/feszekalja.cafeblog.hu","author_name":"Csibe a f\u00e9szekb\u00f4l","author_url":"https:\/\/feszekalja.cafeblog.hu\/author\/csibe_a_feszekbo\/","title":"Meddig szopik a baba?","html":"A minap olvastam egy \u00e9rdekes tudom\u00e1nyos cikket. Ebben a kutat\u00e1sban azt vizsg\u00e1lt\u00e1k, hogy milyen hossz\u00fa a szoptat\u00e1s biol\u00f3giailag meghat\u00e1rozott id\u0151tartama.\r\n\r\nSokan \"t\u00falz\u00e1snak\" tartj\u00e1k a WHO k\u00e9t \u00e9ves aj\u00e1nl\u00e1s\u00e1t (persze nem kiz\u00e1r\u00f3lagos szoptat\u00e1sr\u00f3l van sz\u00f3, hanem egy\u00e9b t\u00e1pl\u00e1l\u00e9kbevitel melletti szoptat\u00e1sr\u00f3l), pedig a biol\u00f3giai norma, teh\u00e1t am\u00edg a kisgyereknek sz\u00fcks\u00e9ge van az anyatejre, t\u00falmutat ezen a koron.\r\n\r\n&nbsp;\r\n\r\nSz\u00f3val tulajdonk\u00e9ppen h\u00e1ny \u00e9ves korban k\u00f6vetkezik be a term\u00e9szetes elv\u00e1laszt\u00f3d\u00e1s? Azaz az igen sz\u00e9les sk\u00e1l\u00e1n mozg\u00f3 kultur\u00e1lis norm\u00e1kt\u00f3l eltekintve vajon mennyi ideig sz\u00fcks\u00e9ges az anyatej a kisgyerek szervezet\u00e9nek?\r\n\r\n&nbsp;\r\n\r\n<a href=\"http:\/\/4.bp.blogspot.com\/-2-gS3UEjbYg\/Ua2TJ6QLc9I\/AAAAAAAAAAw\/W55ZOddKgzw\/s1600\/537644_115796951921698_775152624_n.jpg\"><img class=\"aligncenter\" alt=\"\" src=\"https:\/\/feszekalja.cafeblog.hu\/files\/2013\/06\/537644_115796951921698_775152624_n2.jpg\" width=\"240\" height=\"320\" border=\"0\" \/><\/a>\r\n\r\n&nbsp;\r\n\r\n&nbsp;\r\n\r\nA szoptat\u00e1s id\u0151tartama val\u00f3ban igen v\u00e1ltoz\u00f3, akar id\u0151ben (t\u00f6bb sz\u00e1z \u00e9vvel ezel\u0151tt 3-4 \u00e9v, manaps\u00e1g \u00e1tlag 1 \u00e9v), akar a k\u00fcl\u00f6nb\u00f6z\u0151 kult\u00far\u00e1k k\u00f6zti k\u00fcl\u00f6nbs\u00e9get tekintve. Katherine A. Dettwyler antropol\u00f3gus a t\u00e9m\u00e1ban v\u00e9gzett kutat\u00e1sai (<i>A Time to Wean: The Hominid Blueprint for the Natural Age of Weaning in Modern Human Population<\/i><i>)<\/i> szerint a szoptat\u00e1s egyszerre biol\u00f3giai folyamat \u00e9s kultur\u00e1lis tev\u00e9kenys\u00e9g. A szoptat\u00e1st teh\u00e1t nem csak az eg\u00e9szs\u00e9gi \u00e9s t\u00e1pl\u00e1lkoz\u00e1si szempontok, hanem a kult\u00fara a gyereknevel\u00e9sr\u0151l alkotott elvei \u00e9s az anya \u00e9s gyerek kapcsolat\u00e1val kapcsolatos elk\u00e9pzel\u00e9sei is befoly\u00e1solj\u00e1k.\r\n\r\n&nbsp;\r\n\r\nDe ha ezt a kultur\u00e1lis szempontot figyelmen k\u00edv\u00fcl hagyjuk, az elv\u00e1laszt\u00f3d\u00e1s ideje f\u0151k\u00e9nt a genetika \u00e9s az \u00f6szt\u00f6n\u00f6k f\u00fcggv\u00e9nye. Ez\u00e9rt Dettwyler szerint a term\u00e9szetes elv\u00e1laszt\u00f3d\u00e1s biol\u00f3giai idej\u00e9nek meghat\u00e1roz\u00e1s\u00e1hoz - hogy teljesen kik\u00fcsz\u00f6b\u00f6lj\u00fck a kultur\u00e1lis behat\u00e1st - a legk\u00f6zelebbi rokonaink, az emberszab\u00e1s\u00fa majmok megfigyel\u00e9s\u00e9b\u0151l kell kiindulni. M\u00e1rpedig a genetikai \u00e1llom\u00e1nyunk 98%-ban k\u00f6z\u00f6s a csimp\u00e1nzokkal \u00e9s a gorill\u00e1kkal.\r\n\r\n&nbsp;\r\n\r\nSok nagytest\u0171 eml\u0151sfajn\u00e1l, \u00edgy a nagy majmokn\u00e1l is, az elv\u00e1laszt\u00f3d\u00e1s akkor t\u00f6rt\u00e9nik meg, amikor a kicsik megn\u00e9gyszerezt\u00e9k a sz\u00fclet\u00e9si s\u00falyukat. Az embergyerekn\u00e9l ez 3-4 \u00e9ves korra t\u00f6rt\u00e9nik meg. M\u00e1s nagy eml\u0151s\u00f6kn\u00e9l azt tapasztalta, hogy a feln\u0151tt s\u00falyuk 1\/3-at el\u00e9rve v\u00e1lasztj\u00e1k el magukat. Az emberekn\u00e9l ez 6-7 \u00e9v.\r\n\r\nA feln\u0151ttkori tests\u00faly \u00e9s a szoptat\u00e1s id\u0151tartama k\u00f6z\u00f6tt is \u00f6sszef\u00fcgg\u00e9st fedezett fel. P\u00e9ld\u00e1ul az emberszab\u00e1s\u00fa majmok tov\u00e1bb szoptatj\u00e1k az ut\u00f3daikat mint az egy\u00e9b kisebb s\u00faly\u00fa majmok. A feln\u0151tt ember \u00e1tlags\u00faly\u00e1t figyelembe v\u00e9ve \u00edgy az embergyerek anyatejes t\u00e1pl\u00e1l\u00e1si id\u0151szaka 2,8 \u00e9s 3,7 \u00e9v k\u00f6z\u00f6ttre j\u00f6n ki.\r\n\r\n&nbsp;\r\n<div>\r\n\r\nA n\u00f6veked\u00e9s viszonylat\u00e1ban vizsg\u00e1lva a k\u00e9rd\u00e9st t\u00f6bb emberszab\u00e1s\u00fa majomfajn\u00e1l azt figyelt\u00e9k meg, hogy az elv\u00e1laszt\u00f3d\u00e1s az els\u0151 maradand\u00f3 fogak megjelen\u00e9s\u00e9vel esik egybe. Az embergyerekekn\u00e9l az els\u0151 maradand\u00f3 fogak 5 \u00e9s 6 \u00e9v k\u00f6zt jelennek meg. Ezen k\u00edv\u00fcl Dettwyler azt is megjegyzi, hogy az immunrendszer tejes \u00e9retts\u00e9gi fok\u00e1nak el\u00e9r\u00e9se is alapot szolg\u00e1ltathat az elv\u00e1laszt\u00f3d\u00e1s id\u0151pontj\u00e1nak meghat\u00e1roz\u00e1s\u00e1hoz. Ez pedig 6 \u00e9ves kor k\u00f6r\u00fcl k\u00f6vetkezik be az emberi fajn\u00e1l.\r\n\r\n<\/div>\r\n<div>\r\n\r\nV\u00e9g\u00fcl a szaporod\u00f3szervek fejletts\u00e9g\u00e9t figyelembe v\u00e9ve is meghat\u00e1rozt\u00e1k a term\u00e9szetes anyatejes t\u00e1pl\u00e1l\u00e1s hosszat. Egyes fajok a szexu\u00e1lis \u00e9retts\u00e9gig tart\u00f3 id\u0151szak fel\u00e9n\u00e9l v\u00e1laszt\u00f3dnak el, ez az emberi fajn\u00e1l 6-7 \u00e9vnek felel meg. M\u00e1sr\u00e9szr\u0151l a csimp\u00e1nzokn\u00e1l \u00e9s a gorill\u00e1kn\u00e1l azt figyelt\u00e9k meg, hogy a terhess\u00e9g hosszat hatszor meghalad\u00f3 id\u0151tartamig tartott a szoptat\u00e1s. Ezen krit\u00e9rium alapj\u00e1n az embergyerek elv\u00e1laszt\u00f3d\u00e1sa kb. 4 \u00e9s f\u00e9l \u00e9ves kor\u00e1ban t\u00f6rt\u00e9nne.\r\n\r\n<\/div>\r\n<div>\r\n\r\n&nbsp;\r\n\r\n\u00d6sszefoglalva, Dettwyler az embergyereket a nagytest\u0171 eml\u0151s\u00f6kh\u00f6z \u00e9s k\u00fcl\u00f6n\u00f6sen az emberszab\u00e1s\u00fa majmokhoz hasonl\u00edtva azt a k\u00f6vetkeztet\u00e9st vonja le, hogy az embergyerek term\u00e9szetes elv\u00e1laszt\u00f3d\u00e1sa 2 \u00e9s f\u00e9l, illetve 7 \u00e9ves kora k\u00f6z\u00f6tt k\u00f6vetkezik be. Egy\u00fattal az antropol\u00f3gus felh\u00edvja a figyelmet arra, hogy ezen kutat\u00e1si eredm\u00e9nyek nem alkalmasak annak meghat\u00e1roz\u00e1s\u00e1ra, hogy a bab\u00e1nak meddig kellene szopnia.\r\n\r\nA kult\u00fara \u00e9s az \u00e9letm\u00f3d ugyanis olyan fontos t\u00e9nyez\u0151k, melyeket egy anal\u00edzis idej\u00e9re f\u00e9lre lehet tenni, de a d\u00f6nt\u00e9seinket mindenk\u00e9ppen befoly\u00e1solj\u00e1k. R\u00e1ad\u00e1sul minden anya-gyermek p\u00e1rosnak mag\u00e1nak kell eld\u00f6ntenie, hogy mikor \u00e9rjen v\u00e9get a szoptat\u00e1s.\r\n\r\n<\/div>\r\n<div>\r\n\r\nViszont a tanulm\u00e1ny felh\u00edvja a figyelm\u00fcnket arra a szakad\u00e9kra, ami a t\u00e1rsadalmunk elv\u00e1r\u00e1sai \u00e9s a biol\u00f3giai \"programunk\" k\u00f6z\u00f6tt l\u00e9tezik. <span id=\".reactRoot[54].:1:1:1:comment538871469502872_539105122812840.:0.:1.:0.:1.:0.:0.:0:2\"><span id=\".reactRoot[54].:1:1:1:comment538871469502872_539105122812840.:0.:1.:0.:1.:0.:0.:0:2.:0\"><span id=\".reactRoot[54].:1:1:1:comment538871469502872_539105122812840.:0.:1.:0.:1.:0.:0.:0:2.:0.:0\">\u00c9<\/span><\/span><\/span>s csakis ezt meg\u00e9rtve lehet egy olyan kompromisszumot kialak\u00edtani - mindenkinek a saj\u00e1t sz\u00e1ja \u00edze szerint - ahol megpr\u00f3b\u00e1ljuk k\u00f6zel\u00edteni a k\u00e9t szempontot.\r\n\r\n<\/div>\r\n&nbsp;\r\n\r\n&nbsp;\r\n\r\nForr\u00e1sok:\r\n\r\nDettwyler K.A. A time to wean: the hominid blueprint for the natural age of weaning in modern human populations. In: Stuart-Macadam P, Dettwyler KA, editors. Breastfeeding: biocultural perspectives. New York: Aldine de Gruyter; 1995\r\n\r\nhttp:\/\/www.kathydettwyler.org\/detwean.html","type":"rich","thumbnail_url":"https:\/\/feszekalja.cafeblog.hu\/files\/2013\/06\/601003_10151481023348441_1454598522_n-150x150.jpg","thumbnail_width":150,"thumbnail_height":150}

Fészekalja: Nagy dolgokról kiCSIBEn

Csibe a fészekbôl

A minap olvastam egy érdekes tudományos cikket. Ebben a kutatásban azt vizsgálták, hogy milyen hosszú a szoptatás biológiailag meghatározott időtartama.

Sokan "túlzásnak" tartják a WHO két éves ajánlását (persze nem kizárólagos szoptatásról van szó, hanem egyéb táplálékbevitel melletti szoptatásról), pedig a biológiai norma, tehát amíg a kisgyereknek szüksége van az anyatejre, túlmutat ezen a koron.

&nbsp;

Szóval tulajdonképpen hány éves korban következik be a természetes elválasztódás? Azaz az igen széles skálán mozgó kulturális normáktól eltekintve vajon mennyi ideig szükséges az anyatej a kisgyerek szervezetének?

&nbsp;

<a href="http://4.bp.blogspot.com/-2-gS3UEjbYg/Ua2TJ6QLc9I/AAAAAAAAAAw/W55ZOddKgzw/s1600/537644_115796951921698_775152624_n.jpg"><img class="aligncenter" alt="" src="https://feszekalja.cafeblog.hu/files/2013/06/537644_115796951921698_775152624_n2.jpg" width="240" height="320" border="0" /></a>

&nbsp;

&nbsp;

A szoptatás időtartama valóban igen változó, akar időben (több száz évvel ezelőtt 3-4 év, manapság átlag 1 év), akar a különböző kultúrák közti különbséget tekintve. Katherine A. Dettwyler antropológus a témában végzett kutatásai (<i>A Time to Wean: The Hominid Blueprint for the Natural Age of Weaning in Modern Human Population</i><i>)</i> szerint a szoptatás egyszerre biológiai folyamat és kulturális tevékenység. A szoptatást tehát nem csak az egészségi és táplálkozási szempontok, hanem a kultúra a gyereknevelésről alkotott elvei és az anya és gyerek kapcsolatával kapcsolatos elképzelései is befolyásolják.

&nbsp;

De ha ezt a kulturális szempontot figyelmen kívül hagyjuk, az elválasztódás ideje főként a genetika és az ösztönök függvénye. Ezért Dettwyler szerint a természetes elválasztódás biológiai idejének meghatározásához - hogy teljesen kiküszöböljük a kulturális behatást - a legközelebbi rokonaink, az emberszabású majmok megfigyeléséből kell kiindulni. Márpedig a genetikai állományunk 98%-ban közös a csimpánzokkal és a gorillákkal.

&nbsp;

Sok nagytestű emlősfajnál, így a nagy majmoknál is, az elválasztódás akkor történik meg, amikor a kicsik megnégyszerezték a születési súlyukat. Az embergyereknél ez 3-4 éves korra történik meg. Más nagy emlősöknél azt tapasztalta, hogy a felnőtt súlyuk 1/3-at elérve választják el magukat. Az embereknél ez 6-7 év.

A felnőttkori testsúly és a szoptatás időtartama között is összefüggést fedezett fel. Például az emberszabású majmok tovább szoptatják az utódaikat mint az egyéb kisebb súlyú majmok. A felnőtt ember átlagsúlyát figyelembe véve így az embergyerek anyatejes táplálási időszaka 2,8 és 3,7 év közöttre jön ki.

&nbsp;
<div>

A növekedés viszonylatában vizsgálva a kérdést több emberszabású majomfajnál azt figyelték meg, hogy az elválasztódás az első maradandó fogak megjelenésével esik egybe. Az embergyerekeknél az első maradandó fogak 5 és 6 év közt jelennek meg. Ezen kívül Dettwyler azt is megjegyzi, hogy az immunrendszer tejes érettségi fokának elérése is alapot szolgáltathat az elválasztódás időpontjának meghatározásához. Ez pedig 6 éves kor körül következik be az emberi fajnál.

</div>
<div>

Végül a szaporodószervek fejlettségét figyelembe véve is meghatározták a természetes anyatejes táplálás hosszat. Egyes fajok a szexuális érettségig tartó időszak felénél választódnak el, ez az emberi fajnál 6-7 évnek felel meg. Másrészről a csimpánzoknál és a gorilláknál azt figyelték meg, hogy a terhesség hosszat hatszor meghaladó időtartamig tartott a szoptatás. Ezen kritérium alapján az embergyerek elválasztódása kb. 4 és fél éves korában történne.

</div>
<div>

&nbsp;

Összefoglalva, Dettwyler az embergyereket a nagytestű emlősökhöz és különösen az emberszabású majmokhoz hasonlítva azt a következtetést vonja le, hogy az embergyerek természetes elválasztódása 2 és fél, illetve 7 éves kora között következik be. Egyúttal az antropológus felhívja a figyelmet arra, hogy ezen kutatási eredmények nem alkalmasak annak meghatározására, hogy a babának meddig kellene szopnia.

A kultúra és az életmód ugyanis olyan fontos tényezők, melyeket egy analízis idejére félre lehet tenni, de a döntéseinket mindenképpen befolyásolják. Ráadásul minden anya-gyermek párosnak magának kell eldöntenie, hogy mikor érjen véget a szoptatás.

</div>
<div>

Viszont a tanulmány felhívja a figyelmünket arra a szakadékra, ami a társadalmunk elvárásai és a biológiai "programunk" között létezik. <span id=".reactRoot[54].:1:1:1:comment538871469502872_539105122812840.:0.:1.:0.:1.:0.:0.:0:2"><span id=".reactRoot[54].:1:1:1:comment538871469502872_539105122812840.:0.:1.:0.:1.:0.:0.:0:2.:0"><span id=".reactRoot[54].:1:1:1:comment538871469502872_539105122812840.:0.:1.:0.:1.:0.:0.:0:2.:0.:0">É</span></span></span>s csakis ezt megértve lehet egy olyan kompromisszumot kialakítani - mindenkinek a saját szája íze szerint - ahol megpróbáljuk közelíteni a két szempontot.

</div>
&nbsp;

&nbsp;

Források:

Dettwyler K.A. A time to wean: the hominid blueprint for the natural age of weaning in modern human populations. In: Stuart-Macadam P, Dettwyler KA, editors. Breastfeeding: biocultural perspectives. New York: Aldine de Gruyter; 1995

http://www.kathydettwyler.org/detwean.html
